{"id":139,"date":"2012-11-02T11:08:28","date_gmt":"2012-11-02T09:08:28","guid":{"rendered":"http:\/\/www.unternehmensberatung-langer.de\/?page_id=139"},"modified":"2013-01-07T12:04:17","modified_gmt":"2013-01-07T10:04:17","slug":"private-arbeitsvermittlung-und-personalberatung","status":"publish","type":"page","link":"https:\/\/www.ublanger.de\/?page_id=139","title":{"rendered":"Personalberatung sowie private Arbeitsvermittlung"},"content":{"rendered":"<p style=\"text-align: justify;\">Wir \u00fcbernehmen f\u00fcr Unternehmen, die gr\u00f6\u00dften Teils unsere Kunden sind, die gezielte Bewerbersuche.<\/p>\n<p style=\"text-align: justify;\">Wir schalten Stellengesuche in unseren eigenen und externen Datenbanken,\u00a0 schalten Anzeigen,\u00a0 f\u00fchren Erstgespr\u00e4che und \u00fcbernehmen das gesamte Bewerbermanagement.<\/p>\n<p style=\"text-align: justify;\">Dabei erfolgt eine enge Zusammenarbeit mit den Arbeitsagenturen sowie den Jobcentern der Region.<br \/>\nDie \u201ePrivate Arbeitsvermittlung\u201c ist ein gesondertes Einzelunternehmen.<\/p>\n<p style=\"text-align: justify;\">Motivierte und leistungsbereite Mitarbeiter werden k\u00fcnftig ein noch entscheidender Wettbewerbsvorteil sein. Wir beraten unsere Kunden, wie Instrumente erfolgreicher Personalarbeit gezielt eingesetzt werden und wie eine langfristige Mitarbeiterbindung geschaffen werden kann.<\/p>\n<p><strong>Unsere Leistungen:<\/strong><\/p>\n<div class=\"checklist\">\n<ul>\n<li>Koordinierung und Durchf\u00fchrung von Ma\u00dfnahmen der Mitarbeiterentwicklung<\/li>\n<li>Erarbeitung bedarfsorientierter Programme zur F\u00fchrungskr\u00e4fteentwicklung und Durchf\u00fchrung pers\u00f6nlicher Coaching<\/li>\n<li>Verbesserung der Zusammenarbeit durch strukturierte Teamentwicklung<\/li>\n<li>Aufbau und Einf\u00fchrung ergebnisorientierter Verg\u00fctungssysteme<\/li>\n<li>Unterst\u00fctzung in der Konfliktl\u00f6sung sowie Aufzeigen von M\u00f6glichkeiten zur Konfliktvermeidung<\/li>\n<\/ul>\n<\/div>\n","protected":false},"excerpt":{"rendered":"<p>Wir \u00fcbernehmen f\u00fcr Unternehmen, die gr\u00f6\u00dften Teils unsere Kunden sind, die gezielte Bewerbersuche. Wir schalten Stellengesuche in unseren eigenen und externen Datenbanken,\u00a0 schalten Anzeigen,\u00a0 f\u00fchren Erstgespr\u00e4che und \u00fcbernehmen das gesamte Bewerbermanagement. Dabei erfolgt eine enge Zusammenarbeit mit den Arbeitsagenturen sowie den Jobcentern der Region. Die \u201ePrivate Arbeitsvermittlung\u201c ist ein gesondertes Einzelunternehmen. Motivierte und leistungsbereite Mitarbeiter [&hellip;]<\/p>\n","protected":false},"author":1,"featured_media":0,"parent":8,"menu_order":5,"comment_status":"closed","ping_status":"closed","template":"","meta":[],"_links":{"self":[{"href":"https:\/\/www.ublanger.de\/index.php?rest_route=\/wp\/v2\/pages\/139"}],"collection":[{"href":"https:\/\/www.ublanger.de\/index.php?rest_route=\/wp\/v2\/pages"}],"about":[{"href":"https:\/\/www.ublanger.de\/index.php?rest_route=\/wp\/v2\/types\/page"}],"author":[{"embeddable":true,"href":"https:\/\/www.ublanger.de\/index.php?rest_route=\/wp\/v2\/users\/1"}],"replies":[{"embeddable":true,"href":"https:\/\/www.ublanger.de\/index.php?rest_route=%2Fwp%2Fv2%2Fcomments&post=139"}],"version-history":[{"count":12,"href":"https:\/\/www.ublanger.de\/index.php?rest_route=\/wp\/v2\/pages\/139\/revisions"}],"predecessor-version":[{"id":307,"href":"https:\/\/www.ublanger.de\/index.php?rest_route=\/wp\/v2\/pages\/139\/revisions\/307"}],"up":[{"embeddable":true,"href":"https:\/\/www.ublanger.de\/index.php?rest_route=\/wp\/v2\/pages\/8"}],"wp:attachment":[{"href":"https:\/\/www.ublanger.de\/index.php?rest_route=%2Fwp%2Fv2%2Fmedia&parent=139"}],"curies":[{"name":"wp","href":"https:\/\/api.w.org\/{rel}","templated":true}]}}

<p style="text-align: justify;">Wir übernehmen für Unternehmen, die größten Teils unsere Kunden sind, die gezielte Bewerbersuche.</p>
<p style="text-align: justify;">Wir schalten Stellengesuche in unseren eigenen und externen Datenbanken,  schalten Anzeigen,  führen Erstgespräche und übernehmen das gesamte Bewerbermanagement.</p>
<p style="text-align: justify;">Dabei erfolgt eine enge Zusammenarbeit mit den Arbeitsagenturen sowie den Jobcentern der Region.<br />
Die „Private Arbeitsvermittlung“ ist ein gesondertes Einzelunternehmen.</p>
<p style="text-align: justify;">Motivierte und leistungsbereite Mitarbeiter werden künftig ein noch entscheidender Wettbewerbsvorteil sein. Wir beraten unsere Kunden, wie Instrumente erfolgreicher Personalarbeit gezielt eingesetzt werden und wie eine langfristige Mitarbeiterbindung geschaffen werden kann.</p>
<p><strong>Unsere Leistungen:</strong></p>
<div class="checklist">
<ul>
<li>Koordinierung und Durchführung von Maßnahmen der Mitarbeiterentwicklung</li>
<li>Erarbeitung bedarfsorientierter Programme zur Führungskräfteentwicklung und Durchführung persönlicher Coaching</li>
<li>Verbesserung der Zusammenarbeit durch strukturierte Teamentwicklung</li>
<li>Aufbau und Einführung ergebnisorientierter Vergütungssysteme</li>
<li>Unterstützung in der Konfliktlösung sowie Aufzeigen von Möglichkeiten zur Konfliktvermeidung</li>
</ul>
</div>

<p>Wir übernehmen für Unternehmen, die größten Teils unsere Kunden sind, die gezielte Bewerbersuche. Wir schalten Stellengesuche in unseren eigenen und externen Datenbanken,  schalten Anzeigen,  führen Erstgespräche und übernehmen das gesamte Bewerbermanagement. Dabei erfolgt eine enge Zusammenarbeit mit den Arbeitsagenturen sowie den Jobcentern der Region. Die „Private Arbeitsvermittlung“ ist ein gesondertes Einzelunternehmen. Motivierte und leistungsbereite Mitarbeiter [&hellip;]</p>
