{"id":13,"date":"2012-10-26T06:29:48","date_gmt":"2012-10-26T04:29:48","guid":{"rendered":"http:\/\/www.unternehmensberatung-langer.de\/?page_id=13"},"modified":"2013-03-20T18:50:51","modified_gmt":"2013-03-20T16:50:51","slug":"kontakt","status":"publish","type":"page","link":"https:\/\/www.ublanger.de\/?page_id=13","title":{"rendered":"Kontakt"},"content":{"rendered":"<h2>Es freut uns, dass Sie sich f\u00fcr unser Angebot interessieren.<\/h2>\n<p>Gern sind wir f\u00fcr Sie da, beantworten Ihre Fragen und freuen uns, Sie kennenzulernen.<br \/>\nBitte f\u00fcllen Sie nachfolgend unser Kontaktformular aus, wir rufen Sie umgehend zur\u00fcck.<\/p>\n<p>Alternativ erreichen Sie uns auch w\u00e4hrend der Gesch\u00e4ftszeiten werkt\u00e4glich von 8h bis 17h unter der Telefon-Nummer\u00a00371\/38387-0 und werden direkt mit einem Berater verbunden.<\/p>\n<div role=\"form\" class=\"wpcf7\" id=\"wpcf7-f46-o1\" dir=\"ltr\">\n<div class=\"screen-reader-response\">\n<p role=\"status\" aria-live=\"polite\" aria-atomic=\"true\">\n<ul><\/ul>\n<\/div>\n<form action=\"\/index.php?rest_route=%2Fwp%2Fv2%2Fpages%2F13#wpcf7-f46-o1\" method=\"post\" class=\"wpcf7-form init\" novalidate=\"novalidate\" data-status=\"init\">\n<div style=\"display: none;\">\n<input type=\"hidden\" name=\"_wpcf7\" value=\"46\" \/><br \/>\n<input type=\"hidden\" name=\"_wpcf7_version\" value=\"5.4\" \/><br \/>\n<input type=\"hidden\" name=\"_wpcf7_locale\" value=\"\" \/><br \/>\n<input type=\"hidden\" name=\"_wpcf7_unit_tag\" value=\"wpcf7-f46-o1\" \/><br \/>\n<input type=\"hidden\" name=\"_wpcf7_container_post\" value=\"0\" \/><br \/>\n<input type=\"hidden\" name=\"_wpcf7_posted_data_hash\" value=\"\" \/>\n<\/div>\n<div class=\"main-contact-page\">\n<p><span class=\"wpcf7-form-control-wrap your-name\"><input type=\"text\" name=\"your-name\" value=\"\" size=\"40\" class=\"wpcf7-form-control wpcf7-text wpcf7-validates-as-required\" aria-required=\"true\" aria-invalid=\"false\" placeholder=\"Ihr Name*\" \/><\/span> <span class=\"wpcf7-form-control-wrap your-email\"><input type=\"email\" name=\"your-email\" value=\"\" size=\"40\" class=\"wpcf7-form-control wpcf7-text wpcf7-email wpcf7-validates-as-required wpcf7-validates-as-email\" aria-required=\"true\" aria-invalid=\"false\" placeholder=\"Ihre E-Mail-Adresse*\" \/><\/span><\/p>\n<p><span class=\"wpcf7-form-control-wrap Telefonnummer\"><input type=\"text\" name=\"Telefonnummer\" value=\"\" size=\"40\" class=\"wpcf7-form-control wpcf7-text wpcf7-validates-as-required\" aria-required=\"true\" aria-invalid=\"false\" placeholder=\"Ihr Telefonnummer\" \/><\/span> <span class=\"wpcf7-form-control-wrap IhrAnliegen\"><input type=\"text\" name=\"IhrAnliegen\" value=\"\" size=\"40\" class=\"wpcf7-form-control wpcf7-text wpcf7-validates-as-required\" aria-required=\"true\" aria-invalid=\"false\" placeholder=\"Ihr Anliegen\" \/><\/span><\/p>\n<p><span class=\"wpcf7-form-control-wrap textarea-225\"><textarea name=\"textarea-225\" cols=\"4\" rows=\"4\" class=\"wpcf7-form-control wpcf7-textarea\" aria-invalid=\"false\" placeholder=\"Ihre Nachricht\"><\/textarea><\/span><\/p>\n<p>Captcha: Um uns vor unechten Nachrichten zu sch\u00fctzen, geben Sie bitte den Sicherheitscode ein.<br \/>\nAchten Sie bitte auf Gro\u00df\/Kleinschreibung.<\/p>\n<p><em>Um CAPTCHA zu verwenden, muss das Plugin <a href=\"https:\/\/wordpress.org\/plugins\/really-simple-captcha\/\">Really Simple CAPTCHA<\/a> installiert sein.<\/em>  <span class=\"wpcf7-form-control-wrap captcha-864\"><input type=\"text\" name=\"captcha-864\" value=\"\" size=\"40\" class=\"wpcf7-form-control wpcf7-captchar\" autocomplete=\"off\" aria-invalid=\"false\" placeholder=\"Spamschutzcode\" \/><\/span><\/p>\n<p><input type=\"submit\" value=\"Senden\" class=\"wpcf7-form-control wpcf7-submit\" \/><br class=\"clear\" \/><\/div>\n<div class=\"wpcf7-response-output\" aria-hidden=\"true\"><\/div>\n<\/form>\n<\/div>\n","protected":false},"excerpt":{"rendered":"<p>Es freut uns, dass Sie sich f\u00fcr unser Angebot interessieren. Gern sind wir f\u00fcr Sie da, beantworten Ihre Fragen und freuen uns, Sie kennenzulernen. Bitte f\u00fcllen Sie nachfolgend unser Kontaktformular aus, wir rufen Sie umgehend zur\u00fcck. Alternativ erreichen Sie uns auch w\u00e4hrend der Gesch\u00e4ftszeiten werkt\u00e4glich von 8h bis 17h unter der Telefon-Nummer\u00a00371\/38387-0 und werden direkt [&hellip;]<\/p>\n","protected":false},"author":1,"featured_media":0,"parent":0,"menu_order":0,"comment_status":"open","ping_status":"closed","template":"","meta":[],"_links":{"self":[{"href":"https:\/\/www.ublanger.de\/index.php?rest_route=\/wp\/v2\/pages\/13"}],"collection":[{"href":"https:\/\/www.ublanger.de\/index.php?rest_route=\/wp\/v2\/pages"}],"about":[{"href":"https:\/\/www.ublanger.de\/index.php?rest_route=\/wp\/v2\/types\/page"}],"author":[{"embeddable":true,"href":"https:\/\/www.ublanger.de\/index.php?rest_route=\/wp\/v2\/users\/1"}],"replies":[{"embeddable":true,"href":"https:\/\/www.ublanger.de\/index.php?rest_route=%2Fwp%2Fv2%2Fcomments&post=13"}],"version-history":[{"count":17,"href":"https:\/\/www.ublanger.de\/index.php?rest_route=\/wp\/v2\/pages\/13\/revisions"}],"predecessor-version":[{"id":100,"href":"https:\/\/www.ublanger.de\/index.php?rest_route=\/wp\/v2\/pages\/13\/revisions\/100"}],"wp:attachment":[{"href":"https:\/\/www.ublanger.de\/index.php?rest_route=%2Fwp%2Fv2%2Fmedia&parent=13"}],"curies":[{"name":"wp","href":"https:\/\/api.w.org\/{rel}","templated":true}]}}